 -b*c + 18 = -0*c. Is 16/c + 2/6 a composite number?
False
Let s(t) = -t**3 + 14*t**2 + t + 8. Let g be s(10). Let b = g + -287. Is b composite?
False
Let a(f) = -2*f**2 + 8*f + 7. Let g be a(8). Let i = g + 146. Is i a prime number?
True
Let l be (-564)/3*-1 + -1. Suppose c = -3*a + 633, -4*a + 2*c + 1031 - l = 0. Is a composite?
False
Let y(k) be the third derivative of k**5/5 + 5*k**4/8 - 5*k**3/3 + 10*k**2. Is y(-7) a prime number?
False
Let x be (-42)/4*(-2)/(-3). Let c(s) = -4*s - 9. Is c(x) prime?
True
Suppose 2*s = 3*r, s + r = 2*s. Suppose -3*w - 176 = -5*n, s = -5*n + 2*w - 42 + 221. Is n a prime number?
True
Suppose 2*d = -d + 27. Let u(y) = -y**3 + 10*y**2 - 9*y. Let l be u(d). Suppose x + x - 282 = l. Is x a prime number?
False
Let t be (-8)/(-6) + 6/9. Suppose 2 = t*a - 6. Suppose -4*l + 5*k = -68 - 23, -4*k = a*l - 64. Is l composite?
False
Is (-11 + -1682)*(-1)/1 a composite number?
False
Suppose 5*k + 0*w - 329 = 2*w, 5*k - 326 = 3*w. Is k a prime number?
True
Let h = 114 - 233. Let y = 258 + h. Is y a composite number?
False
Suppose -3135 = -5*j + 3*d - 8*d, 1278 = 2*j - 4*d. Is j a prime number?
True
Let q = 70 + 1189. Is q prime?
True
Suppose -5*p - 11 - 9 = 0, -2*v + 310 = 2*p. Is v composite?
True
Let c(t) = 16*t - 7. Let b(q) = -16*q + 8. Let a(j) = -4*b(j) - 3*c(j). Is a(10) a composite number?
False
Let n(u) = 779*u. Is n(1) a prime number?
False
Is 1796/(-2)*5/(-10) composite?
False
Suppose -5*b + w + 2709 = -w, b - 537 = -2*w. Is b composite?
False
Is 1506/4*2/1 prime?
False
Let o(b) = -3*b**2 - 6*b + 1. Let y(f) = 16*f**2 + 30*f - 5. Let w(j) = -11*o(j) - 2*y(j). Let k(h) = -h**2 + 3*h + 2. Let u be k(5). Is w(u) prime?
False
Let s(q) be the third derivative of -q**6/120 - q**5/30 - 5*q**4/24 + q**3/2 + q**2. Let z be s(-4). Suppose 5*j - 99 = 4*r, -3*j + 0*j + z = 2*r. Is j prime?
True
Suppose 4*i - 2*q = 56, 3*q = i + i - 20. Let a = i - -39. Suppose 0 = 4*n - 3*n - a. Is n prime?
False
Let s(f) = -f**3 + 8*f**2 - f - 5. Let p be s(7). Let m = 2 + p. Is m a composite number?
True
Let i = 292 - -286. Let u = -2 - -2. Suppose u = 4*a + 190 - i. Is a a composite number?
False
Let y = 6 - 2. Suppose -4*r + 3*k - 276 = y*k, k = 0. Is (r/(-6))/((-1)/(-2)) a composite number?
False
Let b be (-7 + -3)*3/(-6). Suppose 0*x = -b*x - 5*u + 835, -5*u = x - 159. Is x a prime number?
False
Let t be (-6 - 2)/2*-10. Suppose 15 - t = -5*j. Suppose 0 = -3*h - j*l + 245, -3*h - h - 3*l = -334. Is h a prime number?
False
Let z = -7 + 10. Suppose z*h + 0*h = 231. Is h a prime number?
False
Let l = 15 + -5. Suppose l*o - 5*o = 0. Is (-258)/(-3) - (1 + o) a prime number?
False
Suppose -o + 4*o = -156. Let t = o - -103. Is t composite?
True
Suppose 43 = -2*t + 695. Let q = 513 - t. Suppose 2*u - z - q = 0, 3*u + 4*z = 123 + 174. Is u a composite number?
True
Let k(g) = 10*g**2 - 9*g + 11. Is k(-12) composite?
False
Let w(t) = 200*t**3 + 1. Let l be w(1). Suppose -2*b + l = b. Is b composite?
False
Suppose -3*c - 2*t - 13 = 0, t = -5*c - 3*t - 19. Let f(u) be the second derivative of u**4/12 - 2*u**3/3 + u. Is f(c) a prime number?
False
Suppose -2*y = a - 417, 5*a - 3*a - 5*y = 789. Is a a composite number?
True
Suppose -2*u - 4*w + 134 = 0, -w - 81 = -u + 4*w. Suppose -u = -2*i + 351. Is i composite?
False
Is 5*2/(-10)*(7 + -5930) a composite number?
False
Suppose 6*u - 2*u - 4*b - 28 = 0, -2*b - 18 = -3*u. Suppose -2*c - 78 = 5*g - 726, 1326 = u*c - 5*g. Is c a composite number?
True
Let i(v) = -16*v - 6. Let x be i(-4). Suppose 4*p = u + 175, -8*u - x = -p - 3*u. Is p composite?
False
Let h(r) = 13*r**2 + 13*r - 23. Is h(9) composite?
True
Suppose -5221 = -3*t - 0*t + q, t = -3*q + 1727. Is t a composite number?
True
Suppose 0 = -v + 4 - 0. Let b(j) = 5*j**3 - 2*j**2 + 6*j - 7. Is b(v) prime?
False
Suppose 12*n = 7*n + 725. Is n composite?
True
Suppose 0 = -4*v - l + 4309, -5*v + 7673 = -3*l + 2291. Is v a composite number?
True
Let d(a) = -a**3 - 12*a**2 + 13*a - 16. Let x be d(-13). Let i = x + 201. Is i a composite number?
True
Let a = -12 + 17. Suppose -3*r - 2*t = -9 - 13, 0 = -4*r + a*t - 9. Suppose -5*z + z - 17 = -3*i, r*z - 25 = -3*i. Is i composite?
False
Let c(q) = 36*q + 19. Is c(17) composite?
False
Let t(w) = -w + 1. Let k(f) = 14*f - 9. Suppose a + 5 = 10. Let c(x) = a*t(x) + k(x). Is c(7) composite?
False
Suppose 656 = -2*q - 1920. Let p = -767 - q. Is p prime?
True
Let l(s) = 4*s**3 + s. Let m be l(1). Suppose 0 = -m*i + 10*i - 185. Is i prime?
True
Let g(m) = 49*m. Let i(d) = -25*d. Let q(z) = 3*g(z) + 7*i(z). Let r be q(-1). Let a = r - -37. Is a a composite number?
True
Let t(c) = 115*c - 6. Is t(11) a composite number?
False
Let p = 106 + 145. Is p composite?
False
Suppose -5*x = -9*x + 4156. Is x a composite number?
False
Let m = 9 - 4. Suppose -h - 9 = 2*x + 2*h, 3*h = m*x - 9. Suppose 127 = -x*o + o. Is o a composite number?
False
Let n = -10 - 6. Let a = 35 - n. Is a a composite number?
True
Is (-4 + 1)*(-7 - 12) a prime number?
False
Let b(z) = 18*z - 28. Is b(17) a prime number?
False
Let x = -6 - -4. Let s(g) = 60*g - 1. Let f(r) = 59*r - 1. Let u(t) = x*s(t) + 3*f(t). Is u(2) composite?
False
Suppose 4*c = -x + 2*c + 40, c = 5*x - 156. Suppose -t = -x - 57. Is t a composite number?
False
Suppose w + g = 23, 0 = 3*w + 5*g - 52 - 13. Let d = 44 - w. Is d composite?
False
Suppose 4*y - 3*y - 85 = 0. Is y a prime number?
False
Let m be (4 + -2)*-1*1. Let v be m + 2/(-2) + 2. Is 1028/2*v/(-2) prime?
True
Let y(p) = p**2 - 4*p + 4. Let t be y(4). Suppose t = -b + 5. Is 75*b*(-3)/(-9) prime?
False
Let j(k) = -k - 6. Let p be j(-9). Let h be (-1)/((-9)/(-6))*-24. Suppose -p*q + h = -14. Is q prime?
False
Let k = -1 - 5. Let y(a) = -5*a - 5. Is y(k) prime?
False
Suppose -5*l + 2*y + 963 = 0, -5*y + 935 = l + 4*l. Is l composite?
False
Suppose 8*p = 5*p - 4023. Let q = p + 1978. Let c = q - 426. Is c prime?
True
Suppose 3*z - 394 = -55. Is z a prime number?
True
Is (-1 + -1)/(-2) + (2 - -1844) composite?
False
Let g = 16 + -10. Let k be (-628)/8 - g/4. Let t = k + 145. Is t a prime number?
False
Suppose k - 4*k + 183 = 0. Suppose -129 - k = -2*r. Let t = 174 - r. Is t prime?
True
Let s(a) = 8*a**2 + 9*a - 10. Is s(-7) a composite number?
True
Let j be (6 - 0)/(-1 + 3). Suppose i = -2*i - p + 152, -j*p = -4*i + 181. Is i composite?
True
Let l = 9 + -6. Let y = l - 5. Is (2/y - -2)*25 composite?
True
Let t = -3 + 5. Suppose -o + 979 = 4*b - 712, 3*o = t*b - 835. Is b a prime number?
False
Suppose 267 = 14*h - 11*h. Is h a prime number?
True
Suppose -409 = -4*m + 339. Is m a prime number?
False
Let x(a) = 39*a - 55. Is x(12) a prime number?
False
Suppose 0 = -24*q + 31*q - 3059. Is q prime?
False
Suppose 2*m + 2*c - 39511 = -3*m, 2*m = 2*c + 15796. Is m a prime number?
True
Suppose -19 = 2*n - 5. Let x be (n + -1)*2/(-4). Suppose x*f - 95 = 45. Is f a prime number?
False
Suppose 0 = -y - 2*r + 5*r + 955, 3*r + 4775 = 5*y. Is y a composite number?
True
Let p = -17 - -1. Let d be p/6*9/(-6). Suppose d*j = -j + 445. Is j a prime number?
True
Suppose -2*y - 6 = 3*o - 2, 4*y - 4*o = 32. Suppose y*r - r = 165. Is r composite?
True
Suppose 0 = -0*c - c + 4*f + 8, -5*c = -5*f + 5. Let u(x) be the third derivative of -x**6/120 + x**4/12 - x**3/6 - x**2. Is u(c) composite?
True
Let y be 2 + 87 - -1 - -1. Suppose v - 31 = -2*l - 4, l = 5*v - y. Is v a composite number?
False
Suppose 137 = 4*b + 5*s - 83, 5*b + 4*s = 275. Is b a prime number?
False
Suppose 0 = -2*i - i + 3243. Suppose -219 + i = 2*k. Is k composite?
False
Let p = 856 - 113. Is p a prime number?
True
Suppose 4*f - 2*x - 1350 = 0, 0*x + 3*x - 1008 = -3*f. Is f prime?
True
Suppose -3*o + 2143 = 5*z, -4*z - 4*o = -185 - 1523. Is z prime?
True
Let n be ((-2)/(-2))/((-2)/6). Let g be (n + 1 + 1)*-60. Let j = g - -23. Is j composite?
False
Suppose 0 = -5*f - 2*z + 3306, 0 + 3 = z. Suppose 3*d = 2*d - 5, 5*a - 3*d = f. Is a a composite number?
True
Suppose 2*t + 0*t + 6 = 0, t + 3 = -4*p. Suppose 102 = -p*s + 2*s. Is s a prime number?
False
Suppose -2*s - 3*p = -1557, -p - 272 - 2036 = -3*s. Is s composite?
True
Suppose -766 = 5*c + 3*z, -4*z - 329 = 2*c - 31. Let s = -86 - c. Is s a composite number?
True
Let k = -7 - -10. Suppose -k*j + 8*j = 1855. Is j prime?
False
